 = -497 - 3763. Let m = -489 - j. Suppose 5*g - m = -0*g + q, 0 = -2*g + q + 231. Is g prime?
False
Let y(i) = 27*i**2 - 132*i - 16. Let l be y(10). Let s = -8335 - -15203. Suppose 0*x - x + s = 5*u, 3*x = u - l. Is u prime?
True
Suppose 2*b = 24*r - 28*r - 604, 749 = -5*r - 4*b. Let l = r + 472. Is l a composite number?
True
Let d = 89 + -79. Suppose 3*h = 2 + 4. Suppose c - 81 = -4*g, h*g + c - 33 - d = 0. Is g a composite number?
False
Let f = -363565 - -726920. Is f a composite number?
True
Suppose -34*w + 24*w - 30*w + 598040 = 0. Is w a prime number?
True
Let j = -994440 - -1444817. Is j prime?
True
Suppose 3192 = 44*l - 2088. Suppose -107*u = -l*u + 168883. Is u prime?
False
Let r = -30 + 30. Suppose -2*k - 2*k + 32 = r. Let l(a) = 4*a**2 - 4*a - 19. Is l(k) a prime number?
False
Let b be -39 - -21 - -1*3. Let m be 234 + 20/b*3/(-2). Let p = -157 + m. Is p composite?
False
Let i be (8/3)/((-14)/1155). Let w = 3357 + i. Is w a composite number?
False
Suppose 134*d + 41*d = 14432493 + 22805932. Is d a prime number?
True
Is 156/(-208) - 305277/(-12) prime?
True
Suppose 4017875 = 12*n + 2866739 - 4289676. Is n a prime number?
False
Suppose 2444299 = -176*p + 187*p. Is p a prime number?
False
Suppose 2*b - 20161 = 3*d, d = -2*b - 4*d + 20185. Is b a composite number?
True
Suppose 223240 - 50188 = -23*s. Let c = s - -12869. Is c a composite number?
True
Let n = 209 + -244. Is (-21)/n + (-12587)/(-5) a prime number?
False
Let y(z) = 1198*z**2 + 100*z + 23. Is y(-5) a prime number?
True
Let h = -686 - -528. Is (h/(-4))/(-4*(-4)/928) composite?
True
Suppose 31*b - 34542 = -7*b. Let v = 1210 + b. Is v a composite number?
True
Let j(s) = 109*s**2 - 14*s - 49. Let h be j(-12). Suppose 4*m = -3*y + h, 0 = -4*m - 7*y + 6*y + 15813. Is m composite?
True
Suppose 17110814 = 39*l - 2600137. Is l composite?
False
Let u = 138200 + 37487. Is u a prime number?
True
Suppose -6*b + 22 = -38. Let j(x) = 2*x**2 + 8*x - 23. Let z be j(b). Suppose z = 6*h - 4213. Is h a prime number?
False
Let r(p) = 2451*p + 2. Let s(l) = -1225*l - 1. Let a(u) = 4*r(u) + 9*s(u). Let j be a(-1). Is j + 9 - (2 + 0) prime?
False
Suppose 4*o + x = 35683 + 37802, -91858 = -5*o - x. Is o a prime number?
False
Let y(s) = -586*s + 11. Let u(b) = 3*b**2 - 34*b - 29. Let c be u(12). Is y(c) a prime number?
False
Is 37238 - ((-3)/(-27))/((-3)/(-27))*-5 a prime number?
True
Let g = -14268 - -9546. Is g/(-34) - 10/(-85) a composite number?
False
Suppose -41 = 3*y + 4*a + 172, -4*y + a = 265. Let t = y + 71. Suppose -5*w = 4*l - 100 - 1063, -t*l + 4*w = -1136. Is l a composite number?
True
Suppose -z - 8*p + 13*p + 102892 = 0, 0 = 3*p - 15. Is z prime?
False
Suppose 4*z - 2*g = -0*g + 12, 0 = 4*z + g - 6. Let i be z/8 + 4 - (-3)/4. Suppose i*l - 619 = -2*w, -2*w - 4*l + 311 = -w. Is w a composite number?
False
Suppose 45*z - 37*z = 16. Suppose -3*j - 13604 = z*r - 4*r, -3*r - 3*j = -20421. Is r a composite number?
True
Let k(n) = -n**3 - n**2. Let w be k(-2). Suppose 134 = 2*x - w. Suppose -12*i - x = -13*i. Is i composite?
True
Suppose -2*n + 3853731 - 1631883 = 4*d, -3*n = 5*d - 2777311. Is d composite?
False
Let y = -41053 - -27451. Let b = -7879 - y. Is b prime?
False
Let c be (435 - (5 + 3))*36. Let j = -9499 + c. Is j prime?
False
Let q = -86 - -90. Suppose -6*u + q*u + 823 = 3*k, -1642 = -4*u - 2*k. Suppose 5*r - 3*r = u. Is r a composite number?
True
Let w(g) = 13029*g**2 - 32*g + 34. Is w(1) a prime number?
False
Suppose -49*s = -38*s. Suppose -5*j = -d + 1012 + 4248, -2*d + 4*j + 10502 = s. Is d a composite number?
True
Suppose 17*y - 43 = 59. Is ((-151465)/(-10))/(0 + 3/y) prime?
True
Let j(g) = -g**3 - 17*g**2 - 2*g + 4. Let v be j(-17). Suppose -22*z - 168944 = -v*z. Is z a prime number?
True
Let q = -31130 + 54411. Is q a composite number?
True
Let r = 23 - 22. Suppose t + 4*z + r - 15 = 0, 14 = t + 2*z. Suppose 0 = -13*d + t*d - 223. Is d a composite number?
False
Let f be -6*(-6)/(-54) + (-6712)/(-6). Let r = f - 671. Is r a composite number?
True
Let z = 302 + 721. Suppose 0 = d - 3*x - 175 + 47, 0 = 4*d + 2*x - 540. Suppose g - z = -d. Is g composite?
True
Suppose -2*g = -5*b + 3*g + 1244235, -g + 248855 = b. Is b composite?
False
Suppose -41*t = -36*t + 5*y - 1756880, 0 = -3*t + 2*y + 1054163. Is t composite?
False
Is -22 - 8/(-1) - -43131 a composite number?
False
Suppose -3*d = -3*x - 34488, x + 57480 = 5*d + 5*x. Suppose -37*w = -29*w - d. Is w composite?
True
Let u = 37584 + 70729. Is u a composite number?
True
Let w = -7491 + 12737. Suppose 0 = -j - 2*a + 1052, 0 = -4*j - j - 3*a + w. Suppose 0 = 5*f - 4583 + j. Is f a composite number?
True
Let c = -4646 + 2877. Let v = 12924 - c. Is v prime?
False
Let q = 66115 - 34346. Is q prime?
True
Let m = -46205 - -102243. Is m prime?
False
Suppose d = 1 + 3. Suppose -d*b + 7*b = 3*t + 273, -3 = -3*t. Is -3 - b/(-3)*3 a composite number?
False
Let s(w) = 33*w - 160. Let l be s(5). Suppose 3*d + 6774 + 324 = i, 5*i = -l*d + 35590. Is i a prime number?
False
Suppose -4*r - 4*p + 174080 = 0, -3*r + 185*p - 189*p + 130563 = 0. Is r a composite number?
False
Let o(z) = 1907*z**2 - 57*z - 221. Is o(-6) composite?
True
Let k(x) = -x**3 - 45*x**2 - 124*x + 77. Let t be k(-43). Suppose -t + 15934 = 3*r. Is r a composite number?
True
Suppose -5*m - 2799 = -f - 899, 4*f = m + 380. Is (-4)/(-38) - -51854*(-50)/m prime?
True
Is (-26 + -183968)*(-1 + (-4)/(-8)) prime?
True
Let m(z) = -4 + 17*z**2 + 4*z + 1 + 38*z**2 - 45. Is m(-11) prime?
True
Let i = 117737 - 56694. Is i a composite number?
False
Suppose -111 = -10*u + 389. Let z = u + -47. Suppose 3*g - 3*n - 2172 = 0, 2*g = -0*g - z*n + 1423. Is g a composite number?
False
Suppose -3029 = 14*f - 13*f. Let k = -1288 - f. Is k a prime number?
True
Let b(h) = 1643*h + 180. Let g be b(-18). Let a = -17855 - g. Is a a prime number?
False
Let c = 3610 + -2401. Suppose 292 = -2*n + 4*i, -5*n + 0*i + 3*i = 709. Let z = c + n. Is z composite?
False
Let z(u) = -u**3 - u**2 - 2*u - 1. Let n(p) = -6*p**3 - 4*p**2 - 6*p - 8. Let c(v) = -n(v) + 3*z(v). Is c(6) prime?
False
Let o(d) = 2*d**2 + 23*d - 8. Let h be o(-12). Suppose -5*s + 14308 = 3*c, h*s = 4*c - 3*c + 11443. Is s composite?
False
Suppose -39*x = -25*x + 48*x - 6594754. Is x a composite number?
False
Let o = -3970 + 2300. Let i = 2371 + o. Is i a composite number?
False
Let p = 74 - 71. Suppose -4*l - 3*r = p + 6, 4*r = 5*l - 12. Suppose l = v - 8*v + 6419. Is v prime?
False
Let z = 455764 + -211473. Is z prime?
True
Let y(l) = 215*l - 91. Let k(r) = -336*r + 137. Let z(t) = 5*k(t) + 8*y(t). Let p be (20/(-6))/((-2)/12). Is z(p) a composite number?
False
Is (2*9/(-6))/(4372756/546596 - 8) prime?
True
Suppose 0 = -40*v + 3391602 + 361958. Is v composite?
True
Let r = -817 - -1479. Suppose -3*v + 2*l = -1947, 5*v + l = 3907 - r. Is v a composite number?
True
Let f(w) = 47*w**3 - 12*w**2 + 79*w - 151. Is f(12) a composite number?
True
Let u = 221235 - 99040. Is u prime?
False
Let a(j) = 9*j**2 - 6*j - 28. Let u be a(-9). Suppose n = w + 759, -5*w = -n - 2*w + u. Suppose -15*i - n = -5516. Is i a composite number?
False
Let y = 13844 + 3477. Is y composite?
False
Let r(o) = 20892*o**2 - 1787*o - 6. Is r(-5) a composite number?
False
Suppose 44*y - 39*y - a = 4104441, 5*y = 2*a + 4104447. Is y prime?
False
Let t be (1 - -7) + 4 + 3. Suppose -m = -1, 0*u + 2*u - 5*m + t = 0. Is (2 + -2)/u + 581 a prime number?
False
Let r(f) = f - 10. Let i be r(12). Let v be (16/56)/(i/42). Is 14610/(-20)*(-28)/v a composite number?
True
Let h be (1 - (-10)/(-6))*(1 + -4). Suppose h*w + 5 = -3*w. Is 162/2 + (0 - (w - -3)) prime?
True
Suppose 13*n - t - 60 = 8*n, -3*n + 5*t = -58. Suppose -20953 = -n*l - 42. Is l a prime number?
True
Let z(n) = 17918*n**2 - 123*n + 3. Is z(4) prime?
True
Suppose 3*n + 4*n - 49 = 0. Suppose 3*k + 11 = d, 2*d - 6*k = -n*k - 13. Is 126/35 + d + (-12774)/(-10) composite?
False
Let s(v) = -1645*v - 7. Let r be s(-3). Suppose 3*k - 4*c = 2951, -5*k - c + r = 2*c. Is k prime?
False
Let t = 174 - 171. Suppose t*r + 30 = 348. Is r a composite number?
True
Let b be (-24)/60 + 34/10. Let o(x) = x**3 - 7*x**2 - 6*x - 14. Let q be o(8). Is q - (b + -4 + -1844) a prime number?
True
Let r(a) = -a**3 - 4*a**2 + 6*a + 7. Let g be 3/((-42)/4) 